) = -513*b + 2. Let c be o(-3). Let i = 2307 + -1237. Let l = c - i. Is l prime?
False
Suppose -5 - 1 = -3*x. Let f(o) = -1 + 6 - x - o**2 + 3*o**2 + 9*o. Is f(-6) a prime number?
False
Let z = 283 + 249. Let m = 19 + z. Is m composite?
True
Let z = 72024 + -48881. Is z composite?
False
Let d = 70 + -165. Let l = -346 - d. Is (-4)/6 + l/(-3) a prime number?
True
Suppose -953 = 6*o - 7115. Let g = o - 404. Is g a prime number?
False
Let a(c) = c**2 + 3*c - 18. Let p be a(-6). Suppose 7 + 8 = 5*q, p = 5*d + 3*q - 3694. Is d a prime number?
False
Let z(w) = 637*w + 1. Let c be z(1). Suppose 2*n = -0*n + c. Is n a composite number?
True
Let j(x) = 28*x**2 + 5 - 37*x + 6 + 19*x + 20*x. Is j(-6) prime?
False
Let i = -10971 + 22926. Is i/27 - (-4)/18 a prime number?
True
Let f be 446 - (-3)/(-2)*2. Suppose -2*x = -1833 - f. Suppose 4*g - 1674 = x. Is g a prime number?
False
Suppose 729 = x + 5*s, 6*x + 3*s = 4*x + 1472. Is x a prime number?
True
Suppose 2*s = -5*w + 12 + 57, 12 = -4*w. Let d = 0 + s. Suppose 0 = -0*j + 2*j - d. Is j composite?
True
Let i(y) be the second derivative of 11*y**4/6 - 25*y**3/6 - 3*y**2/2 + y. Is i(-10) a composite number?
False
Suppose 2*y - 128 = 5*f + 85, 0 = -2*y + 2*f + 228. Suppose 28*b - 27*b = -y. Is (1 - 3)*b/2 composite?
True
Suppose q = 4*q - 3, -3*s + q + 14 = 0. Suppose 2*u = -2*l - 0*u + 1398, -s*l - 2*u = -3507. Is l composite?
True
Let b be 3 - (-3)/(-1) - -3. Suppose -54 = 3*o - 5*o + b*w, -o = w - 32. Let q = o - -25. Is q a prime number?
False
Let t(z) = 3036*z**3 + z**2 - 29*z + 29. Is t(1) a composite number?
False
Let u be 9/(-1)*(-68)/6. Let r = 109 + u. Is r a composite number?
False
Let x(s) = 2*s + 12*s - 9 + 53 + 5*s. Is x(9) composite?
True
Suppose -54814 - 28430 = -12*q. Is q prime?
False
Let u(p) = 3*p - 17. Let i be u(8). Suppose -2*q + i + 32 = 5*k, 3*q = -2*k + 20. Is k a prime number?
True
Let y = -10 + 8. Is 196/(-8)*y/1 a prime number?
False
Suppose y = -4*y + 10. Suppose 0*w - 3*w + 1301 = 4*m, -y*m - 5*w = -647. Is m a composite number?
True
Suppose -3*h = -3*r + 16830, 0 = -4*h + 6 - 10. Is r composite?
True
Let j(s) = -s**2 + 2*s + 12281. Is j(0) prime?
True
Let r be (-1*3*-2)/3. Let n(t) = -2*t**2 + 7 + 4*t**r + 9*t - 14. Is n(6) a composite number?
True
Suppose 2*p = 5*p - 36. Let q(v) = v**3 + 7*v**2 + 14*v - 15. Let b be q(p). Suppose b = 5*z + 4*h + 396, -2*z - 5*h = -987. Is z composite?
True
Let k(h) = -614*h - 27. Is k(-5) prime?
False
Let s(h) = -h**2 + 10*h - 16. Let j be s(8). Suppose j = 4*b - 1687 - 517. Is b a composite number?
True
Suppose -3*v - 2*v = 2*q + 28, 2*v + 16 = -2*q. Let f = -1 - 5. Is (-554)/f - v/6 a composite number?
True
Let a(k) = k**2 - k - 1. Suppose 2*w + 3 = 5*w. Let y(h) = 9*h**2 + 4*h - 12. Let m(i) = w*y(i) - 5*a(i). Is m(6) a prime number?
True
Let g = 72 + 23. Let u be 2*g + -4 + 2. Suppose 4*k = -2*a + u, -k - 5*a - 94 = -3*k. Is k a prime number?
True
Let r(h) = 18*h**3 + 6*h**2 + 6*h - 13. Is r(6) composite?
False
Let s = -2501 - -3862. Is s composite?
False
Suppose 3*u - 20*w - 61983 = -21*w, 2*u + 4*w - 41312 = 0. Is u a prime number?
False
Suppose 0 = 5*p - 18335 - 17345. Let d = p - 4893. Is d composite?
False
Let d = -5770 + 8841. Is d a composite number?
True
Let v(c) = c**2 - 7*c + 7. Let k be v(6). Suppose 4*m - 15 = k. Suppose 5*r = 15, 2*q = -0*q - m*r + 298. Is q a prime number?
False
Let q be (-2)/6 + 6/(-9). Let x be ((-2)/4)/(q/8). Suppose -z - 264 = -o, x*z = -3*o - 0*o + 785. Is o composite?
False
Suppose -2*h + 3*s = -165, 2*h - 3*h - 4*s + 99 = 0. Is h composite?
True
Let s(h) be the first derivative of 114*h**2 - 13*h - 13. Is s(2) composite?
False
Let u be (-29282)/6 + 25/(-15) + 2. Let n = u + 9787. Is n composite?
True
Is ((54/(-12))/9)/((-5)/88850) composite?
True
Suppose 6 = q - 5. Let r(d) = d**3 + d - 1. Let h(g) = -2*g**3 + 16*g**2 - 11*g - 9. Let f(u) = h(u) + r(u). Is f(q) prime?
False
Suppose -3*l + 6*l + h = 0, -2*h = 3*l. Suppose 5*x - 44 + 9 = l. Suppose 0 = r - x*r + 2406. Is r a prime number?
True
Suppose 0*u = -4*u + 12. Let l(q) = q**3 + 10*q**2 - 2*q - 6. Let c be l(-6). Suppose -3*m + c = u. Is m a prime number?
False
Let v be (-1)/(0 + 3/(-1767)). Let m = 403 - v. Let k = 304 + m. Is k composite?
True
Let v(p) = p**2 - 4*p - 3. Let a(i) = -i**2 - 6*i + 6. Let r be a(-5). Let l be v(r). Let n = -48 + l. Is n a prime number?
False
Suppose -3*s + x + 5798 = -8785, -3*x = 4*s - 19444. Is s a composite number?
False
Is (-81070)/(-8) + (-69)/92 a composite number?
False
Suppose 0 = -4*u + 8*u + 8308. Let d = -1028 - u. Is d composite?
False
Let g(r) = -2*r**3 - 7*r**2 + 33*r - 17. Is g(-10) a prime number?
True
Suppose 2*x - 3*x = 0. Suppose 6*g + 4 - 28 = 0. Suppose x = 3*k - 3*r - 2*r - 82, -2*r - 86 = -g*k. Is k a composite number?
False
Let o = 46 - 17. Suppose 4*i - o - 39 = 0. Let y = 36 - i. Is y composite?
False
Let g(q) = -q**3 - 2*q**2 + 9*q - 9. Suppose 5*i + 28 + 22 = 0. Is g(i) composite?
False
Let m(p) = p**2 - 2*p. Let y be m(9). Let b be (-8)/7*y/(-18). Suppose -s + 3*g + 242 = 0, -4*s + b*g + 953 = 7*g. Is s a composite number?
False
Let a(i) = 1566*i + 33. Is a(4) a prime number?
False
Let z be 0/(-2)*17/(-34). Suppose -b + 2 = z, 5*y - b - 4 = 9. Suppose 0 = 5*l + g - 574, -4*l = 4*g - y*g - 459. Is l a composite number?
True
Suppose 0 = -4*w + 2*l, -3*w + 4*l = 7*l - 9. Let y = w - -2. Suppose -4*r = -4*f - r + 147, r - y = 0. Is f a composite number?
True
Let q be -2 + (2 - 1) + (-6522)/(-2). Suppose 4*k = 8*k - q. Is k a composite number?
True
Suppose 372 = 3*m - 258. Suppose 0 = 2*v - 4*v - 162. Let r = v + m. Is r composite?
True
Suppose 4*m - 159 = 25. Suppose 2*u - 68 = m. Suppose z - 184 + u = 0. Is z prime?
True
Let p = -160 + 161. Let h(f) = 7*f**2 - 48*f**2 + 292*f**2. Is h(p) a composite number?
False
Suppose 5*j - 4388 = 2022. Let r = j + -709. Suppose 7*t = 4*t + r. Is t composite?
False
Let c = 12 - 10. Suppose 0 = c*a + a + 462. Let m = 141 - a. Is m a prime number?
False
Suppose -4*g = -g - 15. Suppose 166 = 3*h + 181, -2*k + 21 = -3*h. Suppose 2*z - z - 1845 = 5*r, k*r + 9181 = g*z. Is z prime?
False
Suppose -4*g + g + 41 = j, 0 = -4*g - 5*j + 73. Let s = 17 - g. Suppose 0 = b + 1 - 3, -s*b = -2*f + 348. Is f prime?
True
Let z = -1773 - -5782. Is z a composite number?
True
Let b(n) = n**2 - 4*n + 5. Let x be b(4). Suppose 0 = -2*q - 8, 2*w - 2*q = q + 670. Suppose -x*g + w = -566. Is g composite?
False
Let h = -2 - -4. Let d(g) = 2*g**2 + 2*g**2 - 7 + 43*g**3 + 8 - 3*g. Is d(h) a composite number?
True
Let g be 76/18 + 4/(-18). Suppose g*h - 548 = 872. Suppose 0 = -3*t + 128 + h. Is t composite?
True
Suppose 25 = a - 2206. Is a a composite number?
True
Let s(t) = -3008*t**3 - 2*t**2 + 11*t + 27. Is s(-2) composite?
False
Let n = 54 + -1. Let s = 201 + n. Is s composite?
True
Suppose 64*f = 68*f - 3916. Is f prime?
False
Let c be (240/(-64))/((-2)/(-8)). Let i = c + 20. Suppose 53 = i*k - 552. Is k prime?
False
Suppose 6*z - 54473 = 153133. Is z composite?
True
Suppose 3*s + 5*f = 18689, 0 = -6*s + 2*s - 3*f + 24937. Suppose 0 = -4*x + 5*d + 6229, -4*x + 3*d = d - s. Is x a prime number?
False
Let u be -4 + -1 + 8 - -8762. Is u/4 + 2/(-8) composite?
True
Suppose -2*b = t + 760 + 239, -3*t = -5*b + 3030. Let v = t + 2738. Is v a composite number?
False
Suppose 0 = -8*q + 27 + 69. Suppose q*g - 6595 = 7*g. Is g a composite number?
False
Suppose 35*g = 39*g - 6836. Is g prime?
True
Is 15/18 - 2147618/(-372) a prime number?
False
Let l = -2 + 16. Suppose 0*k - 4*p = 3*k + 7, l = -2*k - 5*p. Let g(f) = 228*f - 3. Is g(k) a prime number?
False
Let h be 4 - 3/6*0. Is 3921/h + 2 - 6/(-8) a composite number?
False
Let n = -477 - -1183. Let k = n + 231. Is k a prime number?
True
Let k(a) be the second derivative of 0 - 7/6*a**3 - 5/6*a**4 - 11/2*a**2 + a - 1/20*a**5. Is k(-11) a composite number?
True
Suppose 12*o = -8*o + 80. Is (o/14 + (-51)/7)/(-1) prime?
True
Let m = 440 + -1089. Let p = 109 - m. Is p prime?
False
Let t(h) = h**3 - 4*h**2 - 4*h - 3. Let b be t(5). Let r(j) = j + 9. Let s be r(-4). Suppose -s*u + 2*u + 304 = 5*n, b*n = -5*u + 133. Is n composite?
False
Let q(x) = -x. Let s(l) = -l**3 - 9*l**2 - 10*l - 5. Let a(j) = 2*q(j) - s(j). Let u = -12 + 6. Is a(u) a